te the highest common divisor of y and 42.
21
Suppose 3*q + 2*q + 3*y = 77, 0 = -q + 2*y + 18. What is the greatest common divisor of q and 40?
8
Let b be (16/(-10))/(4/(-30)). Let h be ((-18)/b)/(2/(-160)). What is the greatest common divisor of 15 and h?
15
Suppose -3*c = -5*k - 61 - 64, -5*c = -4*k - 204. What is the highest common divisor of 5 and c?
5
Let p(t) = -9*t + 1. Let z be p(-1). Suppose 0 = -2*c - 6 + 26. What is the greatest common factor of c and z?
10
Suppose -t - 1 = 0, -4*r + 3*t = 2*t - 121. Suppose -3*u + 6*u = 0. Let i(o) = o**3 + o**2 + 12. Let s be i(u). What is the greatest common divisor of s and r?
6
Let m(o) = -o**2 + 8*o + 16. Let c be m(7). Calculate the highest common divisor of 253 and c.
23
Let q(h) = h**3 + 7*h**2 + 2*h + 5. Let p be q(-6). What is the highest common divisor of 116 and p?
29
Suppose -3*g - a + 633 = -2*g, 0 = 4*g - a - 2517. Suppose -2*d = 2*f - g, 5*d - 1599 = -0*d + f. Calculate the highest common factor of d and 29.
29
Suppose 2*g - 3*t + 18 = 5*g, -4*t - 48 = -5*g. Suppose 0*y = -y + g. Calculate the greatest common divisor of 64 and y.
8
Suppose -q = -3*q + 94. Let k be 3 + (q - 6/3). What is the greatest common divisor of k and 120?
24
Let t be 4 + 30 + 5 + (-3 - 0). Calculate the greatest common factor of 4 and t.
4
Let x = -10 - -9. Let l be ((-12)/(-20))/(x/(-65)). What is the highest common divisor of l and 26?
13
Let f = 117 + -79. What is the greatest common factor of 19 and f?
19
Let s = -56 + 136. Let a be 1/2*s/8. Calculate the highest common factor of a and 25.
5
Let l(q) = q**3 + 4*q**2 + 5*q + 2. Let w be l(-3). Let o(x) = -x + 3. Let t be o(w). Let y = 2 + 5. Calculate the highest common factor of t and y.
7
Let y be 636/21 - 6/21. Calculate the highest common divisor of 75 and y.
15
Let g(z) be the first derivative of 3*z**2/2 - 4*z - 2. Let u be g(5). Suppose 2*r - 6*r + 220 = 0. What is the highest common factor of r and u?
11
Suppose 2 = -b + 4*a, -8 - 22 = -b - 4*a. Let w(y) = -2 + 3 + 4*y - 2*y - 6*y. Let v be w(-5). What is the greatest common factor of v and b?
7
Let k be (-54)/(-7) + (-2)/(-7). Calculate the highest common factor of 16 and k.
8
Let x(i) = -5*i - 8. Suppose -3*v + 2*v - 7 = 0. Let w be x(v). Suppose 4 = 3*k - 5. Calculate the greatest common divisor of k and w.
3
Let w(a) = 6*a**2 + a + 1. Let r be w(-1). Suppose 2*v = 3*v + r. Let t be (5/4)/(v/(-72)). What is the greatest common factor of 135 and t?
15
Suppose 24*k - 1104 = 18*k. Calculate the greatest common factor of k and 23.
23
Let y be (-3)/(-1)*39/(-9). Let l = -7 - y. Suppose 0 = 3*v - 7*h + 3*h - 8, h - 9 = -2*v. Calculate the highest common factor of l and v.
2
Let a = -22 + 21. Let h = 11 - a. Calculate the greatest common divisor of h and 36.
12
Suppose -k - 140 = -5*x, -3*x + 13 = 5*k - 43. Let t be x/6 - (-2)/4. Calculate the highest common factor of 1 and t.
1
Suppose 5*p + 0 = 3*o + 12, 0 = 3*o + 2*p - 9. What is the highest common factor of 2 and o?
1
Let l = 4 - -2. Let b be l/(2 + 62/(-32)). Let a(d) = -3*d - 39. Let y be a(-17). Calculate the highest common divisor of y and b.
12
Let o(c) = -c**3 - 4*c**2 - 1. Let w be o(-5). What is the greatest common factor of w and 192?
24
Let w(i) = -5*i**3 + i**2. Let f be w(-1). Let u(g) = 1 - 3*g**3 + 0 + 6*g + 4*g**3 - f*g**2. Let k be u(5). What is the greatest common factor of k and 30?
6
Let b be (-2)/9 + (-435)/(-135). Let j(z) = 2*z**3 - 4*z**2 + z + 1. Let i be j(b). Calculate the highest common divisor of 44 and i.
22
Suppose -5*t = -4*t - 12. Suppose 3*c + 2*y - 335 = 0, -3*c - c + 435 = 5*y. Let q = -19 + c. What is the greatest common divisor of t and q?
12
Suppose -5*w + w + 4*n - 16 = 0, w = -3*n + 8. Let l be (24/(-15))/(w/40). Suppose 3 - 35 = -4*z. What is the greatest common factor of z and l?
8
Let h = 38 + -17. What is the highest common factor of h and 21?
21
Let a be (-1)/3*(-6)/2. Suppose -3*r + 4*r - a = 0. Suppose 0 = 2*s + 3*i - 13, -3*i - 16 = -5*s - 5*i. Calculate the greatest common divisor of r and s.
1
Suppose 3*j - 2*n - 52 = 0, j = -j + 4*n + 48. Calculate the greatest common factor of j and 98.
14
Let r = 27 - 42. Let c be ((-18)/r)/(2/(-20)). Let h be c*(-3)/(-24)*-2. Calculate the greatest common divisor of h and 24.
3
Let g = -4 + -8. Let x be g/(-4) - (0 - 0). Let o be (4/x)/((-2)/(-54)). Calculate the highest common divisor of 4 and o.
4
Suppose -3*v - v + 30 = n, -60 = -4*n - 4*v. Let b = -95 - -205. What is the highest common factor of n and b?
10
Suppose -k = -0*k - 4. Suppose k*g = g + 9. Suppose -2*j + 58 = 2*q - q, -g*q = -4*j - 124. What is the greatest common divisor of 12 and q?
12
Let r = 291 - 221. Let p be 2/(-1*(-1)/5). What is the highest common divisor of p and r?
10
Suppose -4*c + 126 + 334 = 0. Calculate the greatest common factor of c and 23.
23
Let a be (1 - -449)*(2 - 1). Suppose 2*d = -5*i + a, -4*i - d + 360 = -0*d. What is the greatest common factor of 10 and i?
10
Let n be (16/24)/(4/30). What is the highest common divisor of 45 and n?
5
Suppose -280 = -c - 9*c. Calculate the highest common divisor of 28 and c.
28
Suppose -1 = 5*o - 11. Let p be (-4 - -1)/(6/(-20)). Calculate the greatest common factor of p and o.
2
Let v = 3 - 0. Let b be -16*(-1 - v/(-12)). Suppose -3*r = -r - b. What is the greatest common divisor of r and 6?
6
Let w(v) = -v + 1. Let n be w(-9). Let p be 4*1/n*165. What is the greatest common factor of 6 and p?
6
Let t(m) = 2*m**2 - m - 17. Let c be t(5). Calculate the greatest common divisor of c and 28.
28
Let q be ((-4)/6)/(3/(-2232)). Suppose 0*v = 5*v - 4*u - q, -4*u - 304 = -3*v. Calculate the highest common factor of v and 12.
12
Let k = 19 + -17. Suppose -8*r = -10*r + k. What is the greatest common factor of r and 5?
1
Suppose 3*a = -3*p + 2*p - 1, 4 = -2*a. Let h = -17 - -22. What is the highest common divisor of h and p?
5
Suppose -30 = -4*o - 6*h + 8*h, 5*h + 15 = 4*o. What is the greatest common factor of o and 130?
10
Let h = -49 + 192. Suppose 0 = 5*a - 4*r + 117, -2*r + r = a + 18. Let s = 34 + a. What is the greatest common factor of s and h?
13
Let d(j) = -j**2. Let z(h) = -2*h**3 + 11*h**2 - 5*h - 4. Let m(f) = -6*d(f) - z(f). Let c be m(5). Calculate the highest common divisor of 14 and c.
14
Suppose 5*z = 7 - 32. Let i = -5 - z. Let p = i - -17. What is the highest common factor of 51 and p?
17
Let w(o) = -o + 4. Let i be w(0). Suppose 2*l - 2 = s + 2, 2*s - l - i = 0. What is the greatest common divisor of 20 and s?
4
Suppose 3*m - 5*m = -4. Suppose t - 3 = 2*y - 2, -3*t + m*y + 3 = 0. Let k be 3 + (t - 4*-7). What is the highest common factor of k and 8?
8
Suppose 0 = -0*h + 5*h - 90. Suppose 0*n - n = -5*k - h, 0 = -5*k - 5*n. Let v be ((-9)/5)/(k/10). Calculate the greatest common divisor of 9 and v.
3
Suppose 7*t - 2*t + 50 = 5*b, -5*b = t - 44. What is the greatest common divisor of b and 1?
1
Suppose -3*d - 3*n + 20 = 2, -5*n = d + 6. Let c = -7 + d. Suppose c*s + 216 = 7*s - a, -2*a = -4*s + 168. What is the greatest common divisor of 66 and s?
22
Let g(r) = 10*r**2 - r + 1. Let n be g(1). What is the greatest common factor of 5 and n?
5
Let a(o) = 6*o + 108. Let t be a(-16). Suppose 3*g = 2*g - 5, -5*w - 3*g = -15. What is the highest common divisor of t and w?
6
Let q be 4/32 - 2078/(-16). Suppose -2*k - 3*l + q = 0, 2*l + 325 = 3*k + 2*k. What is the greatest common divisor of k and 13?
13
Suppose 0 = 5*y + 10 - 30. Suppose 5*u - 3 - 2 = 0, -2*d - 6 = -4*u. Let o be (-18)/d*(-2)/(-1). Calculate the highest common divisor of o and y.
4
Let g be 231/9 + (-4)/6. Suppose 38 = 3*z + 2*z - 4*r, 0 = -4*z - 2*r + 46. What is the greatest common divisor of z and g?
5
Let f(c) = -c**3 - 15*c**2 - 17*c + 8. Let v be f(-14). What is the greatest common divisor of v and 10?
10
Suppose -3*d + 1 = 2*h - 1, -5*h = 4*d - 19. Suppose -2*s - 150 = -h*s. Calculate the greatest common divisor of s and 20.
10
Suppose 1 = -p + 25. Suppose 39 = -0*u + 3*u. Let h be 6/15 - u/(-5). What is the highest common divisor of h and p?
3
Let u be 9/(-2 + 69/30). Calculate the greatest common factor of u and 45.
15
Let w(y) = y**2 - y + 18. Suppose 3*h = 5*u - 12 - 7, 0 = -5*h - 15. Let x = -2 + u. Let v be w(x). Calculate the highest common divisor of v a